prime factors of i(5).
281
Let r = 37 + -33. Suppose -4*j - 2*w + r*w + 316 = 0, 292 = 4*j + 4*w. List the prime factors of j.
7, 11
Let g(x) = x**2 + 19*x - 432. List the prime factors of g(44).
2, 3, 5, 13
Suppose -5*k = l - 5, 0 = l - 3*k + 6*k - 3. Suppose l = 3*d - 4*v + 73 - 342, d - 5*v = 108. What are the prime factors of d?
83
Let j(b) = b**3 - 3*b**2 - 17*b + 8. List the prime factors of j(9).
11, 31
Let w be 262/(-12) + (-2)/12. Let b = -4 - w. What are the prime factors of (b - -13)*(0 - -1)?
31
Let y(q) = 40*q - 73. What are the prime factors of y(18)?
647
List the prime factors of 1434 + (-1 + -3 - 3).
1427
Let f be (88/(-6))/(-4)*21*7. Suppose -4*h = -f - 17. List the prime factors of h.
139
Let h(g) = -3*g**2 + 2*g - 2. Let w be h(1). Let q(r) = -6*r - 4. What are the prime factors of q(w)?
2, 7
Suppose -11*b + 6*b - 4*p = -5491, p + 5496 = 5*b. What are the prime factors of b?
7, 157
Let d(m) = -m**2 + 8*m - 4. Let t be d(7). Suppose t*y = -5*x + 113 + 3, -2*x - 245 = -5*y. What are the prime factors of y?
47
Let r = 245 + 133. Suppose -j + r = 5*d, 2*d = -j - j + 148. List the prime factors of d.
2, 19
Let g(i) be the second derivative of i**7/2520 - i**6/720 + i**5/30 - i**4/4 - 2*i. Let m(x) be the third derivative of g(x). List the prime factors of m(4).
2
Let s(h) = -2*h**3 - 25*h**2 + 20*h - 13. Let f(p) = -3*p**3 - 38*p**2 + 30*p - 19. Let r(w) = -5*f(w) + 8*s(w). What are the prime factors of r(-11)?
2
What are the prime factors of (-125358)/(-68) + (-9)/6?
2, 3, 307
Let h(n) = -2*n + 20. Let v = 18 - 32. Let y = v + 14. List the prime factors of h(y).
2, 5
Let i be 16/(-80)*-1*5. What are the prime factors of 61 - (1 - i/(-1))?
59
Let p = 10 - 8. Let l be -1 + -26 + (4 - p). List the prime factors of (10/l)/(2/(-70)).
2, 7
Suppose 0 = l - 0*l + 5*r - 15, 4*l = -r + 3. Suppose l = d + 4, 0 = -5*s - 0*s + d - 86. Let g = -13 - s. What are the prime factors of g?
5
Suppose -20*n + 4244 + 11976 = 0. List the prime factors of n.
811
What are the prime factors of 10/12 - 3096/(-432)?
2
Let y(w) = 3*w**2 - 9 + 4 - 6*w**2 + w**3. What are the prime factors of y(6)?
103
Let j = 566 + -408. List the prime factors of j.
2, 79
List the prime factors of 17/((-238)/8) - 1730/(-14).
3, 41
Suppose 15 = 3*u + 2*u. Let n(l) = -l**2 + 40 - 41*l**u - 40. List the prime factors of n(-1).
2, 5
Suppose 5*j - 19 = -3*y, -4*j + y = -2*j - 1. Suppose 0 = j*n - 3 - 3. Suppose 5*z - n - 27 = 0. List the prime factors of z.
2, 3
Let x(n) = -n**2 + 11*n - 15. Let z be x(4). Let f(r) = -3 + 1 - 8 + r**2 - 12*r. What are the prime factors of f(z)?
3
What are the prime factors of 534 - (1 - -6 - 2)?
23
Let i = 2227 - 768. List the prime factors of i.
1459
Suppose 4 + 46 = 10*a. What are the prime factors of 24 - 1 - (-1 - 5/a)?
5
Suppose 87*l - 93*l = -4332. What are the prime factors of l?
2, 19
Let h(z) = 37*z. Let j = -1 - -2. Let c be h(j). Suppose 6 = 3*o - 6, i + 4*o - c = 0. What are the prime factors of i?
3, 7
Suppose -94 = -4*w + 282. Suppose -w = h - 3*h. What are the prime factors of h?
47
Let n(k) = -3*k**3 - 2*k**2 - 3*k. Suppose -3*o + 5*d - 4 = 2, -5*o = d - 18. Suppose -10 = o*h - 1. What are the prime factors of n(h)?
2, 3
Suppose -6298 - 4167 = -23*v. What are the prime factors of v?
5, 7, 13
Suppose d = g + 12 - 5, -4*d - 3*g + 7 = 0. Let y(h) = 6*h. List the prime factors of y(d).
2, 3
Let f(w) = 7*w**2 - 18*w + 8. Let c(t) = 6*t**2 - 17*t + 9. Let d(n) = 6*c(n) - 5*f(n). What are the prime factors of d(12)?
2, 7
List the prime factors of ((-866)/6)/((-125)/30 - -4).
2, 433
Let w = 1055 - -268. What are the prime factors of w?
3, 7
Let n(j) = -2*j - 7. Let c be n(-5). Let r be 0*(9/3)/c. Suppose 2*h = -r*h + 4. What are the prime factors of h?
2
Suppose 7*c - 27025 - 891 = 0. What are the prime factors of c?
2, 997
Let d(r) = 2*r + 1. Let n be d(3). Let h(x) = -x**3 + 8*x**2 - 7*x + 3. Let b be h(n). What are the prime factors of b/5 + 2882/55?
53
Suppose t + 3*t = 20. Suppose -4 - 16 = o + 4*p, -o = p + t. Suppose -3*u = -4*j + 11 - 37, o = u - 3*j - 2. List the prime factors of u.
2, 7
Suppose -3*b = -5*b - 6, 3*b - 315 = 4*u. Let a = u - -142. What are the prime factors of a?
61
Suppose -644 = -z - 2*y + 392, 0 = 3*z + 4*y - 3112. List the prime factors of z.
2, 5, 13
What are the prime factors of ((-60)/(-10) - 13) + 1039?
2, 3, 43
List the prime factors of (40/14)/(88/23716).
2, 5, 7, 11
Let n = 1979 - 1253. List the prime factors of n.
2, 3, 11
Suppose 3*i - 52 = -3*z - 2*i, z = i + 4. Suppose -4*b + z = -7, -2*d = -b. Suppose -d*s = 3*s - 165. List the prime factors of s.
3, 11
Let f(k) = -k**3 + 2*k**2 + 5*k. Let i(n) = -2*n**3 + n**2 + 4*n. Let t(o) = 3*f(o) - 4*i(o). List the prime factors of t(1).
2, 3
Let z = 118 - 59. Suppose 0 = -10*u + 221 + z. List the prime factors of u.
2, 7
Suppose 0 = -8*w + 42 - 18. Suppose -w*n + 84 = n. Suppose -2*m - 2*m + 33 = -5*z, -5*z = -3*m + n. What are the prime factors of m?
2, 3
Let w(c) = -77*c + 492. What are the prime factors of w(-36)?
2, 3, 17
Let b(z) = z**3 + 4*z**2 - 3*z - 4. Let g be b(-4). Let s be 3*-4 - g/2. List the prime factors of 50/8 + 4/s.
2, 3
Let d(s) be the first derivative of -s**4/4 + 7*s**3/3 - 7*s**2/2 + 2*s - 6. Let k be d(5). Suppose 5*r - 4*r = k. List the prime factors of r.
17
Suppose -2*k + 2*p = -80, 3*p = -2*k + p + 96. Suppose 8 = 6*j + k. What are the prime factors of (-159)/j - 3/2?
5
What are the prime factors of 50/((-6)/126 + (-2)/(-6))?
5, 7
Suppose -4*x = -3*a + 293, 167 = -a + 3*a + 3*x. What are the prime factors of a?
7, 13
Suppose 835*c = 828*c + 16863. What are the prime factors of c?
3, 11, 73
Suppose o + 63 = -6*o. Let k(n) = -n**3 - 6*n**2 + 9*n - 5. What are the prime factors of k(o)?
157
Suppose r + 6*j = 2*j + 41, 2*j - 31 = -r. Let n = 112 - 51. Let k = n - r. List the prime factors of k.
2, 5
Let r = 123 - -286. Suppose -r = -5*a + y, -6*y = 2*a - 2*y - 168. List the prime factors of a.
2, 41
Suppose -5*w = -13*w + 296. Suppose o - w = 60. List the prime factors of o.
97
Let f(s) = -61*s**3 + 4*s**2 + 23*s + 49. List the prime factors of f(-4).
5, 157
Let f = 247 + -103. Suppose -2*z + f = 7*z. List the prime factors of z.
2
Suppose -2*c - 1554 = -4*a - 4*c, 3*a + 2*c - 1163 = 0. What are the prime factors of a?
17, 23
Let y = 26 + -53. Let g = 81 - y. What are the prime factors of g?
2, 3
Let w be 7/4 - (-6)/24. Let y(t) = -4*t + 3 + 4*t**w + 4*t**2 - 5*t**2. List the prime factors of y(2).
7
Let t = 1677 + -966. List the prime factors of t.
3, 79
Suppose -11*b + 21 = -4*b. Suppose -f + 61 = 2*v - 47, 0 = b*f - 5*v - 302. List the prime factors of f.
2, 13
Let x(q) = -48*q + 38. Let r be x(4). Let m = r - -240. List the prime factors of m.
2, 43
Let y(o) = 2*o + 21. Let n(f) = -2*f - 21. Let b(l) = 3*n(l) + 4*y(l). Let q be b(-14). What are the prime factors of 8/12 - q/3?
3
Let d(x) = -3*x + 12. Suppose -5*p = -25 + 85. List the prime factors of d(p).
2, 3
Let c(z) = 415*z**2. What are the prime factors of c(1)?
5, 83
Suppose -4*n + 3*z - 39 = 0, 2 = -2*n - z - 5. Let i(a) = -2*a**2 + a - 3*a**2 + 0*a - a**3. What are the prime factors of i(n)?
2, 3, 5
Let s(b) = 2*b**2 - 7*b + 1. Let f be s(4). Suppose f*k = -4*l + 11 + 39, 0 = k + 5*l - 10. Let n = 11 + k. List the prime factors of n.
3, 7
Let k be (0 - 1)/((-20)/7800). Suppose 0 = 5*s + 4*i - 16, -5*i = -2*s - s - 20. Suppose 6*l + 0*l - k = s. List the prime factors of l.
5, 13
Let o(u) = -11*u - 1. Let z be 2/(-3) + 16/6. Let p be -3 - (1/1 + z). What are the prime factors of o(p)?
5, 13
Let z = 730 + -187. What are the prime factors of z?
3, 181
Let m(c) = -c**3 + 12*c**2 + 8*c + 4. Let a be m(12). Let z = a - 66. List the prime factors of z.
2, 17
Suppose -5 + 27 = -u. Let j = 28 + u. List the prime factors of j.
2, 3
Suppose -3*k + 5*f = -796, -2*k + 1372 = 3*k + 3*f. List the prime factors of k.
2, 17
Let d(s) = 10*s - 17. Let u be d(1). Suppose 5*y - 30 = 75. List the prime factors of 1119/y + 2/u.
53
Let l(b) = 4 + b - 3 + 5*b**2 - 2*b. List the prime factors of l(3).
43
Let t(j) = j**3 - 22*j**2 - 18*j - 65. List the prime factors of t(24).
5, 131
What are the prime factors of (-3765)/(-7) - (-31)/217?
2, 269
Let b = -4 + 4. Suppose b = 8*k - 7*k - 325. What 